[INFO] fetching crate megam_rustyprint 0.2.1...
[INFO] building megam_rustyprint-0.2.1 against master#881c1ac408d93bb7adaa3a51dabab9266e82eee8 for issue-85264
[INFO] extracting crate megam_rustyprint 0.2.1 into /workspace/builds/worker-2/source
[INFO] validating manifest of crates.io crate megam_rustyprint 0.2.1 on toolchain 881c1ac408d93bb7adaa3a51dabab9266e82eee8
[INFO] running `Command { std: "/workspace/cargo-home/bin/cargo" "+881c1ac408d93bb7adaa3a51dabab9266e82eee8" "metadata" "--manifest-path" "Cargo.toml" "--no-deps", kill_on_drop: false }`
[INFO] started tweaking crates.io crate megam_rustyprint 0.2.1
[INFO] removed 0 missing tests
[INFO] finished tweaking crates.io crate megam_rustyprint 0.2.1
[INFO] tweaked toml for crates.io crate megam_rustyprint 0.2.1 written to /workspace/builds/worker-2/source/Cargo.toml
[INFO] running `Command { std: "/workspace/cargo-home/bin/cargo" "+881c1ac408d93bb7adaa3a51dabab9266e82eee8" "generate-lockfile" "--manifest-path" "Cargo.toml" "-Zno-index-update", kill_on_drop: false }`
[INFO] running `Command { std: "/workspace/cargo-home/bin/cargo" "+881c1ac408d93bb7adaa3a51dabab9266e82eee8" "fetch" "--manifest-path" "Cargo.toml", kill_on_drop: false }`
[INFO] [stderr] warning: An explicit [[test]] section is specified in Cargo.toml which currently
[INFO] [stderr] disables Cargo from automatically inferring other test targets.
[INFO] [stderr] This inference behavior will change in the Rust 2018 edition and the following
[INFO] [stderr] files will be included as a test target:
[INFO] [stderr] 
[INFO] [stderr] * /workspace/builds/worker-2/source/tests/test_print.rs
[INFO] [stderr] 
[INFO] [stderr] This is likely to break cargo build or cargo test as these files may not be
[INFO] [stderr] ready to be compiled as a test target today. You can future-proof yourself
[INFO] [stderr] and disable this warning by adding `autotests = false` to your [package]
[INFO] [stderr] section. You may also move the files to a location where Cargo would not
[INFO] [stderr] automatically infer them to be a target, such as in subfolders.
[INFO] [stderr] 
[INFO] [stderr] For more information on this warning you can consult
[INFO] [stderr] https://github.com/rust-lang/cargo/issues/5330
[INFO] [stderr]     Blocking waiting for file lock on package cache
[INFO] [stderr]  Downloading crates ...
[INFO] [stderr]   Downloaded term-painter v0.1.1
[INFO] running `Command { std: "docker" "create" "-v" "/var/lib/crater-agent-workspace/builds/worker-2/target:/opt/rustwide/target:rw,Z" "-v" "/var/lib/crater-agent-workspace/builds/worker-2/source:/opt/rustwide/workdir:ro,Z" "-v" "/var/lib/crater-agent-workspace/cargo-home:/opt/rustwide/cargo-home:ro,Z" "-v" "/var/lib/crater-agent-workspace/rustup-home:/opt/rustwide/rustup-home:ro,Z" "-e" "SOURCE_DIR=/opt/rustwide/workdir" "-e" "CARGO_TARGET_DIR=/opt/rustwide/target" "-e" "CARGO_HOME=/opt/rustwide/cargo-home" "-e" "RUSTUP_HOME=/opt/rustwide/rustup-home" "-w" "/opt/rustwide/workdir" "-m" "1610612736" "--user" "0:0" "--network" "none" "ghcr.io/rust-lang/crates-build-env/linux@sha256:20528e8c29e4536546f0102ce88568b16ea7538393a33fcca951030f7af10457" "/opt/rustwide/cargo-home/bin/cargo" "+881c1ac408d93bb7adaa3a51dabab9266e82eee8" "metadata" "--no-deps" "--format-version=1", kill_on_drop: false }`
[INFO] [stdout] c8097bbd186db35e009173ac4856673a0d22be1595c404c70e8d635e9fbfd4ec
[INFO] [stderr] WARNING: Your kernel does not support swap limit capabilities or the cgroup is not mounted. Memory limited without swap.
[INFO] running `Command { std: "docker" "start" "-a" "c8097bbd186db35e009173ac4856673a0d22be1595c404c70e8d635e9fbfd4ec", kill_on_drop: false }`
[INFO] running `Command { std: "docker" "inspect" "c8097bbd186db35e009173ac4856673a0d22be1595c404c70e8d635e9fbfd4ec", kill_on_drop: false }`
[INFO] running `Command { std: "docker" "rm" "-f" "c8097bbd186db35e009173ac4856673a0d22be1595c404c70e8d635e9fbfd4ec", kill_on_drop: false }`
[INFO] [stdout] c8097bbd186db35e009173ac4856673a0d22be1595c404c70e8d635e9fbfd4ec
[INFO] running `Command { std: "docker" "create" "-v" "/var/lib/crater-agent-workspace/builds/worker-2/target:/opt/rustwide/target:rw,Z" "-v" "/var/lib/crater-agent-workspace/builds/worker-2/source:/opt/rustwide/workdir:ro,Z" "-v" "/var/lib/crater-agent-workspace/cargo-home:/opt/rustwide/cargo-home:ro,Z" "-v" "/var/lib/crater-agent-workspace/rustup-home:/opt/rustwide/rustup-home:ro,Z" "-e" "SOURCE_DIR=/opt/rustwide/workdir" "-e" "CARGO_TARGET_DIR=/opt/rustwide/target" "-e" "CARGO_INCREMENTAL=0" "-e" "RUST_BACKTRACE=full" "-e" "RUSTFLAGS=--cap-lints=forbid" "-e" "CARGO_HOME=/opt/rustwide/cargo-home" "-e" "RUSTUP_HOME=/opt/rustwide/rustup-home" "-w" "/opt/rustwide/workdir" "-m" "1610612736" "--user" "0:0" "--network" "none" "ghcr.io/rust-lang/crates-build-env/linux@sha256:20528e8c29e4536546f0102ce88568b16ea7538393a33fcca951030f7af10457" "/opt/rustwide/cargo-home/bin/cargo" "+881c1ac408d93bb7adaa3a51dabab9266e82eee8" "build" "--frozen" "--message-format=json", kill_on_drop: false }`
[INFO] [stdout] fa80618a019d3a19a3f71dbe596b2caf5ef6a222995d7744108364f89c9c886b
[INFO] [stderr] WARNING: Your kernel does not support swap limit capabilities or the cgroup is not mounted. Memory limited without swap.
[INFO] running `Command { std: "docker" "start" "-a" "fa80618a019d3a19a3f71dbe596b2caf5ef6a222995d7744108364f89c9c886b", kill_on_drop: false }`
[INFO] [stderr] warning: An explicit [[test]] section is specified in Cargo.toml which currently
[INFO] [stderr] disables Cargo from automatically inferring other test targets.
[INFO] [stderr] This inference behavior will change in the Rust 2018 edition and the following
[INFO] [stderr] files will be included as a test target:
[INFO] [stderr] 
[INFO] [stderr] * /opt/rustwide/workdir/tests/test_print.rs
[INFO] [stderr] 
[INFO] [stderr] This is likely to break cargo build or cargo test as these files may not be
[INFO] [stderr] ready to be compiled as a test target today. You can future-proof yourself
[INFO] [stderr] and disable this warning by adding `autotests = false` to your [package]
[INFO] [stderr] section. You may also move the files to a location where Cargo would not
[INFO] [stderr] automatically infer them to be a target, such as in subfolders.
[INFO] [stderr] 
[INFO] [stderr] For more information on this warning you can consult
[INFO] [stderr] https://github.com/rust-lang/cargo/issues/5330
[INFO] [stderr]     Blocking waiting for file lock on package cache
[INFO] [stderr]    Compiling dirs-sys-next v0.1.2
[INFO] [stderr]    Compiling log v0.3.9
[INFO] [stderr]    Compiling dirs-next v2.0.0
[INFO] [stderr]    Compiling term v0.7.0
[INFO] [stderr]    Compiling term-painter v0.1.1
[INFO] [stdout] error[E0308]: mismatched types
[INFO] [stdout]    --> /opt/rustwide/cargo-home/registry/src/github.com-1ecc6299db9ec823/term-painter-0.1.1/src/lib.rs:405:24
[INFO] [stdout]     |
[INFO] [stdout] 405 |                     Ok(true) => {},
[INFO] [stdout]     |                        ^^^^ expected `()`, found `bool`
[INFO] [stdout] ...
[INFO] [stdout] 420 |                 Some(c) => { try_term!(t.fg(c)); },
[INFO] [stdout]     |                              -------------------
[INFO] [stdout]     |                              |         |
[INFO] [stdout]     |                              |         this expression has type `Result<(), term::Error>`
[INFO] [stdout]     |                              in this macro invocation
[INFO] [stdout]     |
[INFO] [stdout]     = note: this error originates in a macro (in Nightly builds, run with -Z macro-backtrace for more info)
[INFO] [stdout] 
[INFO] [stdout] 
[INFO] [stdout] error[E0308]: mismatched types
[INFO] [stdout]    --> /opt/rustwide/cargo-home/registry/src/github.com-1ecc6299db9ec823/term-painter-0.1.1/src/lib.rs:405:24
[INFO] [stdout]     |
[INFO] [stdout] 405 |                     Ok(true) => {},
[INFO] [stdout]     |                        ^^^^ expected `()`, found `bool`
[INFO] [stdout] ...
[INFO] [stdout] 424 |                 Some(c) => { try_term!(t.bg(c)); },
[INFO] [stdout]     |                              -------------------
[INFO] [stdout]     |                              |         |
[INFO] [stdout]     |                              |         this expression has type `Result<(), term::Error>`
[INFO] [stdout]     |                              in this macro invocation
[INFO] [stdout]     |
[INFO] [stdout]     = note: this error originates in a macro (in Nightly builds, run with -Z macro-backtrace for more info)
[INFO] [stdout] 
[INFO] [stdout] 
[INFO] [stdout] error[E0308]: mismatched types
[INFO] [stdout]    --> /opt/rustwide/cargo-home/registry/src/github.com-1ecc6299db9ec823/term-painter-0.1.1/src/lib.rs:405:24
[INFO] [stdout]     |
[INFO] [stdout] 405 |                     Ok(true) => {},
[INFO] [stdout]     |                        ^^^^ expected `()`, found `bool`
[INFO] [stdout] ...
[INFO] [stdout] 427 |                 try_term!(t.attr(term::Attr::Bold))
[INFO] [stdout]     |                 -----------------------------------
[INFO] [stdout]     |                 |         |
[INFO] [stdout]     |                 |         this expression has type `Result<(), term::Error>`
[INFO] [stdout]     |                 in this macro invocation
[INFO] [stdout]     |
[INFO] [stdout]     = note: this error originates in a macro (in Nightly builds, run with -Z macro-backtrace for more info)
[INFO] [stdout] 
[INFO] [stdout] 
[INFO] [stdout] error[E0308]: mismatched types
[INFO] [stdout]    --> /opt/rustwide/cargo-home/registry/src/github.com-1ecc6299db9ec823/term-painter-0.1.1/src/lib.rs:405:24
[INFO] [stdout]     |
[INFO] [stdout] 405 |                     Ok(true) => {},
[INFO] [stdout]     |                        ^^^^ expected `()`, found `bool`
[INFO] [stdout] ...
[INFO] [stdout] 430 |                 Some(u) => try_term!(t.attr(term::Attr::Underline(u))),
[INFO] [stdout]     |                            -------------------------------------------
[INFO] [stdout]     |                            |         |
[INFO] [stdout]     |                            |         this expression has type `Result<(), term::Error>`
[INFO] [stdout]     |                            in this macro invocation
[INFO] [stdout]     |
[INFO] [stdout]     = note: this error originates in a macro (in Nightly builds, run with -Z macro-backtrace for more info)
[INFO] [stdout] 
[INFO] [stdout] 
[INFO] [stdout] error[E0308]: mismatched types
[INFO] [stdout]    --> /opt/rustwide/cargo-home/registry/src/github.com-1ecc6299db9ec823/term-painter-0.1.1/src/lib.rs:405:24
[INFO] [stdout]     |
[INFO] [stdout] 405 |                     Ok(true) => {},
[INFO] [stdout]     |                        ^^^^ expected `()`, found `bool`
[INFO] [stdout] ...
[INFO] [stdout] 434 |                 try_term!(t.attr(term::Attr::Blink))
[INFO] [stdout]     |                 ------------------------------------
[INFO] [stdout]     |                 |         |
[INFO] [stdout]     |                 |         this expression has type `Result<(), term::Error>`
[INFO] [stdout]     |                 in this macro invocation
[INFO] [stdout]     |
[INFO] [stdout]     = note: this error originates in a macro (in Nightly builds, run with -Z macro-backtrace for more info)
[INFO] [stdout] 
[INFO] [stdout] 
[INFO] [stdout] error[E0308]: mismatched types
[INFO] [stdout]    --> /opt/rustwide/cargo-home/registry/src/github.com-1ecc6299db9ec823/term-painter-0.1.1/src/lib.rs:405:24
[INFO] [stdout]     |
[INFO] [stdout] 405 |                     Ok(true) => {},
[INFO] [stdout]     |                        ^^^^ expected `()`, found `bool`
[INFO] [stdout] ...
[INFO] [stdout] 437 |                 try_term!(t.attr(term::Attr::Reverse))
[INFO] [stdout]     |                 --------------------------------------
[INFO] [stdout]     |                 |         |
[INFO] [stdout]     |                 |         this expression has type `Result<(), term::Error>`
[INFO] [stdout]     |                 in this macro invocation
[INFO] [stdout]     |
[INFO] [stdout]     = note: this error originates in a macro (in Nightly builds, run with -Z macro-backtrace for more info)
[INFO] [stdout] 
[INFO] [stdout] 
[INFO] [stdout] error[E0308]: mismatched types
[INFO] [stdout]    --> /opt/rustwide/cargo-home/registry/src/github.com-1ecc6299db9ec823/term-painter-0.1.1/src/lib.rs:405:24
[INFO] [stdout]     |
[INFO] [stdout] 405 |                     Ok(true) => {},
[INFO] [stdout]     |                        ^^^^ expected `()`, found `bool`
[INFO] [stdout] ...
[INFO] [stdout] 440 |                 try_term!(t.attr(term::Attr::Secure))
[INFO] [stdout]     |                 -------------------------------------
[INFO] [stdout]     |                 |         |
[INFO] [stdout]     |                 |         this expression has type `Result<(), term::Error>`
[INFO] [stdout]     |                 in this macro invocation
[INFO] [stdout]     |
[INFO] [stdout]     = note: this error originates in a macro (in Nightly builds, run with -Z macro-backtrace for more info)
[INFO] [stdout] 
[INFO] [stdout] 
[INFO] [stdout] error: aborting due to 7 previous errors
[INFO] [stdout] 
[INFO] [stdout] 
[INFO] [stdout] For more information about this error, try `rustc --explain E0308`.
[INFO] [stdout] 
[INFO] [stderr] error: could not compile `term-painter`
[INFO] [stderr] 
[INFO] [stderr] To learn more, run the command again with --verbose.
[INFO] [stderr] warning: build failed, waiting for other jobs to finish...
[INFO] [stderr] error: build failed
[INFO] running `Command { std: "docker" "inspect" "fa80618a019d3a19a3f71dbe596b2caf5ef6a222995d7744108364f89c9c886b", kill_on_drop: false }`
[INFO] running `Command { std: "docker" "rm" "-f" "fa80618a019d3a19a3f71dbe596b2caf5ef6a222995d7744108364f89c9c886b", kill_on_drop: false }`
[INFO] [stdout] fa80618a019d3a19a3f71dbe596b2caf5ef6a222995d7744108364f89c9c886b
